multiple of 4?
True
Is 22075 a multiple of 180?
False
Does 6 divide 489546?
True
Is 17 a factor of 10357136?
False
Is 4190849 a multiple of 1778?
False
Is 412 a factor of 319810?
False
Does 40 divide 2354040?
True
Is 690437 a multiple of 16?
False
Is 129270 a multiple of 160?
False
Is 22 a factor of 917488?
True
Is 267690 a multiple of 15?
True
Is 973 a factor of 10092983?
False
Is 293288 a multiple of 31?
False
Does 176 divide 305614?
False
Is 5 a factor of 509188?
False
Does 3 divide 944649?
True
Is 16997 a multiple of 279?
False
Is 1757138 a multiple of 233?
False
Does 377 divide 300092?
True
Is 51 a factor of 216801?
True
Is 117534 a multiple of 42?
False
Is 2026478 a multiple of 129?
False
Does 49 divide 115591?
True
Is 21484 a multiple of 41?
True
Does 287 divide 60844?
True
Does 13 divide 164542?
False
Does 78 divide 519402?
True
Does 180 divide 145980?
True
Is 432929 a multiple of 23?
True
Does 851 divide 9456312?
True
Is 14073426 a multiple of 54?
True
Is 43 a factor of 1771600?
True
Is 192 a factor of 506112?
True
Is 20 a factor of 138817?
False
Is 157758 a multiple of 55?
False
Does 38 divide 243390?
True
Is 1606498 a multiple of 245?
False
Does 34 divide 8870?
False
Is 19 a factor of 597303?
True
Is 47 a factor of 29140?
True
Is 10 a factor of 1238797?
False
Does 771 divide 16346742?
True
Does 45 divide 109125?
True
Is 5217372 a multiple of 27?
True
Is 4 a factor of 11888?
True
Does 20 divide 71059?
False
Is 236171 a multiple of 48?
False
Is 24 a factor of 4856328?
True
Is 25 a factor of 64300?
True
Does 11 divide 122375?
True
Is 738 a factor of 4789947?
False
Does 13 divide 105365?
True
Is 56 a factor of 136950?
False
Is 276 a factor of 14311521?
False
Is 3409676 a multiple of 197?
True
Is 219 a factor of 734964?
True
Is 15510 a multiple of 15?
True
Is 8342302 a multiple of 19?
False
Is 215325 a multiple of 275?
True
Does 273 divide 108381?
True
Is 2388482 a multiple of 574?
False
Is 40264 a multiple of 14?
True
Is 12 a factor of 1120741?
False
Is 111 a factor of 99100?
False
Is 168 a factor of 610176?
True
Is 232631 a multiple of 8?
False
Is 10135570 a multiple of 17?
True
Is 5 a factor of 2256?
False
Is 479 a factor of 458882?
True
Is 149 a factor of 3387068?
True
Does 561 divide 2004453?
True
Does 1693 divide 8211050?
True
Does 18 divide 141899?
False
Is 68365 a multiple of 22?
False
Is 135560 a multiple of 10?
True
Does 254 divide 1280316?
False
Is 1220 a factor of 5527838?
False
Is 13 a factor of 37189?
False
Does 25 divide 217011?
False
Is 108 a factor of 195848?
False
Is 56832 a multiple of 2?
True
Is 17 a factor of 56865?
True
Is 108 a factor of 2423088?
True
Is 202565 a multiple of 17?
False
Is 105 a factor of 345421?
False
Is 74 a factor of 9369593?
False
Is 10029120 a multiple of 480?
True
Is 15 a factor of 1908645?
True
Does 123 divide 4525662?
True
Is 33 a factor of 388476?
True
Does 6 divide 133913?
False
Is 281 a factor of 247448?
False
Does 40 divide 845280?
True
Is 90800 a multiple of 80?
True
Does 9 divide 60445?
False
Is 1039989 a multiple of 90?
False
Is 4 a factor of 7644?
True
Is 1579507 a multiple of 24?
False
Does 3 divide 254093?
False
Is 22 a factor of 388286?
False
Does 32 divide 100256?
True
Does 205 divide 6165580?
True
Does 1649 divide 2884101?
True
Is 1171343 a multiple of 275?
False
Does 188 divide 741284?
True
Does 95 divide 16058705?
True
Does 347 divide 2898144?
True
Is 4645862 a multiple of 26?
True
Is 31889 a multiple of 11?
True
Is 53 a factor of 7285910?
True
Is 1003617 a multiple of 215?
False
Does 596 divide 193373?
False
Is 23 a factor of 233864?
True
Is 274 a factor of 9028848?
True
Is 29313372 a multiple of 2244?
True
Is 27768 a multiple of 6?
True
Does 37 divide 174862?
True
Does 90 divide 41400?
True
Is 668080 a multiple of 20?
True
Is 5305433 a multiple of 360?
False
Is 210363 a multiple of 11?
False
Does 132 divide 75511?
False
Does 31 divide 7102348?
True
Does 13 divide 758277?
True
Is 402591 a multiple of 133?
True
Does 9 divide 813484?
False
Is 68 a factor of 462876?
True
Does 49 divide 822373?
False
Is 11978 a multiple of 106?
True
Is 8910940 a multiple of 1849?
False
Is 574 a factor of 1490678?
True
Is 25 a factor of 17907800?
True
Is 872885 a multiple of 13?
True
Is 26196321 a multiple of 79?
True
Is 10023240 a multiple of 505?
True
Is 51 a factor of 13439061?
True
Does 78 divide 1195896?
True
Is 210 a factor of 119910?
True
Is 79 a factor of 328840?
False
Is 16 a factor of 117696?
True
Is 3696614 a multiple of 122?
False
Does 315 divide 365818?
False
Does 466 divide 1135642?
True
Is 3444270 a multiple of 1416?
False
Is 499 a factor of 6353611?
False
Is 139 a factor of 45314?
True
Is 6 a factor of 221208?
True
Is 7350391 a multiple of 561?
False
Does 21 divide 15200?
False
Does 12 divide 228792?
True
Is 1118284 even?
True
Is 7382 a multiple of 42?
False
Does 12 divide 430717?
False
Does 11 divide 7173639?
True
Is 1081886 even?
True
Is 14 a factor of 2461768?
False
Does 24 divide 2800294?
False
Is 225494 a multiple of 501?
False
Does 9 divide 913392?
True
Is 22 a factor of 22946?
True
Is 8132 a multiple of 4?
True
Is 59 a factor of 337557?
False
Is 2 a factor of 62253?
False
Does 21 divide 101541?
False
Is 159 a factor of 431685?
True
Is 98 a factor of 519220?
False
Is 249236 a multiple of 25?
False
Does 384 divide 265344?
True
Is 99 a factor of 352638?
True
Does 687 divide 1692768?
True
Is 3075723 a multiple of 7?
True
Is 1455610 a multiple of 105?
False
Does 14 divide 11155731?
False
Is 2240022 a multiple of 47?
False
Is 52540 a multiple of 44?
False
Does 2 divide 60322?
True
Does 89 divide 1296314?
False
Is 153 a factor of 228779?
False
Is 117612 a multiple of 12?
True
Does 629 divide 491190?
False
Is 903 a factor of 633906?
True
Is 3610240 a multiple of 160?
True
Is 168 a factor of 160647?
False
Is 71200 a multiple of 40?
True
Is 4008271 a multiple of 257?
False
Does 27 divide 5193969?
False
Is 540562 a multiple of 22?
True
Does 12 divide 62442?
False
Does 31 divide 204786?
True
Does 25 divide 131400?
True
Is 1503114 a multiple of 379?
True
Is 141679 a multiple of 134?
False
Is 167 a factor of 325600?
False
Is 1294344 a multiple of 12?
True
Is 1469 a factor of 17428216?
True
Is 2275701 a multiple of 730?
False
Is 85160 a multiple of 10?
True
Is 67 a factor of 12850?
False
Does 15 divide 246555?
True
Is 70255 a multiple of 34?
False
Is 784902 a multiple of 11?
False
Does 5 divide 1798028?
False
Does 9 divide 130878?
True
Is 66 a factor of 3938022?
True
Is 4 a factor of 696?
True
Is 309006 a multiple of 41?
False
Does 104 divide 972920?
True
Is 168 a factor of 18129216?
True
Does 299 divide 509795?
True
Is 9 a factor of 146070?
True
Is 815 a factor of 339855?
True
Does 8 divide 767128?
True
Is 120400 a multiple of 350?
True
Is 1352867 a multiple of 94?
False
Is 2047312 a multiple of 1592?
True
Does 69 divide 579393?
True
Is 214001 a multiple of 38?
False
Does 417 divide 4464220?
False
Is 2927040 a multiple of 60?
True
Does 25 divide 2650?
True
Does 630 divide 51363?
False
Does 188 divide 260568?
True
Does 7 divide 11120?
False
Is 342311 a multiple of 7?
False
Is 1247 a factor of 1670980?
True
Does 15 divide 125634?
False
Does 17 divide 553741?
True
Does 3 divide 15999?
True
Is 66 a factor of 60852?
True
Is 5518 a multiple of 89?
True
Is 378068 a multiple of 85?
False
Does 72 divide 40680?
True
Does 2 divide 2749?
False
Is 65 a factor of 15470?
True
Does 257 divide 438466?
False
Is 22 a factor of 4769776?
True
Is 7 a factor of 58150?
False
Does 5 divide 53525?
True
Does 17 divide 11146?
False
Is 22 a factor of 3542814?
True
Is 683 a factor of 8691877?
False
Is 144549 a multiple of 327?
False
Is 299460 a multiple of 276?
True
Does 39 divide 59358?
True
Is 17022 a multiple of 53?
False
Is 10873143 a multiple of 206?
False
Is 15 a factor of 954615?
True
Is 162794 a multiple of 23?
True
Does 55 divide 2578405?
False
Does 9 divide 39415?
False
Is 327 a factor of 131348?
False
Is 14 a factor of 3296370?
True
Is 21 a factor of 180096?
True
Does 261 divide 638667?
True
Does 184 divide 1406312?
True
Does 8 divide 374055?
False
Does 34 divide 5384447?
False
Is 12 a factor of 829968?
True
Is 122679 a multiple of 200?
False
Is 192794 a multiple of 47?
True
Is 26 a factor of 1064934?
T